c*b + 1196 = -131, 4*s - 1061 = -3*b. What is the units digit of s?
6
Suppose 4*n + 40 = w + 3369, 5*n - 4*w = 4153. Suppose -4*c = 8, 5*q - n = 8*c - 4*c. What is the tens digit of q?
6
Let m = -83 + 118. What is the tens digit of (m/(-28))/((-2)/584)?
6
Let d(a) = 552*a - 277. What is the hundreds digit of d(4)?
9
Suppose 169*k - 171*k + 4694 = 0. Suppose -19*w - k = -19485. What is the tens digit of w?
0
Suppose 12*h = 14*h - 6. Suppose n + h*a = 4*n - 3351, -n = -2*a - 1122. What is the tens digit of n?
1
Suppose 76*g - 9438 - 271674 = 59*g. What is the hundreds digit of g?
5
What is the tens digit of (1808/22 - (-44)/(-242))*(-178)/(-4)?
4
Let s(t) = 38*t**2 + 49*t**2 - 17*t**2 + 14*t + 24 + 9*t**2. What is the units digit of s(-2)?
2
Let z = -466 + 153. What is the hundreds digit of (5 + -2 + -4)*z?
3
Let g(c) = c**2 - 5*c + 1. Let t be (-16)/(-88) + 114/(-22). Let n be g(t). Suppose 2*j = -2*p + 114, 0 = -2*j + 3*j + 4*p - n. What is the tens digit of j?
5
Suppose -5*d = 308 + 217. Let t = 78 - d. What is the units digit of t?
3
Suppose 3*g + 4*s + 6 = 0, 5*g + 6*s - 4*s - 4 = 0. Suppose -4*z - 290 = -g*a - 98, z + 263 = 3*a. What is the units digit of a?
6
Let w be 96/(-120)*10/(-4). Suppose -3*n = -o + 734, -3*n = -o - w*n + 742. What is the tens digit of o?
4
Suppose 4*y + 1097 = 5*l, 0*y - 667 = -3*l - 2*y. Let f be (0/(0 + -10))/(-2). Suppose -2*i - i + 227 = w, -3*i + 2*w + l = f. What is the units digit of i?
5
Let x = -27 - -27. Suppose x = 3*h - 423 - 114. Suppose -914 = -3*d - h. What is the tens digit of d?
4
What is the units digit of (-10)/35 - (7 + (-144123)/(-49))*-1?
8
Suppose -10*m + 1360 = -5*m. Let f = m - 92. What is the hundreds digit of f?
1
Let i(g) = 3*g**3 + 14*g**2 - 29*g + 52. What is the units digit of i(19)?
2
Let w = -18 + 40. Suppose -4*m = -g - 74 + w, 5*m = -3*g - 105. Let u = 91 + g. What is the tens digit of u?
5
Suppose 3*z + 0*z - 4*s - 58 = 0, 2*s = -z + 26. Suppose -z*f - 8*f + 17190 = 0. What is the tens digit of f?
7
Let g(x) = -497*x + 13. Let j be g(1). Let u = 1092 + j. What is the tens digit of u?
0
Suppose 5*a = -4*r + 2, 2*r + 7*a + 4 = 2*a. Suppose -p = -k + 120 + 373, -1479 = -3*k - r*p. What is the tens digit of k?
9
Let f = 95 - 136. Let u = 23 - f. Let q = u - -23. What is the units digit of q?
7
Let w be -14 + 21 - 3*-7. What is the thousands digit of 41293/w + (-4)/(-16)?
1
Let v(w) = 23*w**3 + 6*w**2 - 38*w + 240. What is the hundreds digit of v(7)?
1
Let a(k) = -55*k**3 - 5*k**2 + 38*k - 7. What is the thousands digit of a(-5)?
6
Let j(t) = 8*t + 18. Let u be j(0). Suppose 11*k = u*k - 3423. What is the units digit of k?
9
What is the tens digit of 107346264/3340 + 36/(-10)?
3
Suppose 40*s + 56*s = 192. Suppose -3*u = -5*u. Suppose -s*c - c + 561 = u. What is the tens digit of c?
8
Let p(r) = r**3 - r**2 - 2*r - 14. Let h be p(4). Suppose z = 2*z - 4*c + h, 4*c = 20. Let q(a) = -2*a**3 - 7*a**2 - 10*a - 1. What is the units digit of q(z)?
9
Suppose -27 = 5*r - 32. Suppose b = -r + 4. Suppose 0 = 3*q + b*q - 240. What is the tens digit of q?
4
Let c(k) = 2*k**2 + 6*k + 5. Let r be c(-3). Suppose -2*q + 2*w = 6 + 4, -25 = -q - r*w. Suppose -9*v + v + 1112 = q. What is the tens digit of v?
3
Let q be -2*(-1 - (4 - 4)). Suppose 3*j + 3*s - 675 = 0, -q*j - 3*s - 13 = -466. Let i = 371 - j. What is the tens digit of i?
4
Let f be (-1)/(-4) + (-6915)/12. What is the units digit of 1/(6/36) - f?
2
Let y(c) = 14 - 2 + 20*c - 28*c + c**2 - 8. What is the hundreds digit of y(-7)?
1
Let j(i) be the third derivative of 3*i**5/20 + i**4/4 + 8*i**3/3 - 59*i**2. What is the units digit of j(-7)?
5
Suppose 15*x - 8 = -2*f + 16*x, -3*x + 4 = f. Suppose -f*t = -31*t + 32022. What is the hundreds digit of t?
1
Let b(c) = 2*c**2 + 19*c + 4. Let d be b(-12). Suppose 5*o - o = -d. What is the tens digit of -1 - -81 - (-32)/o?
7
Suppose 0 = -s + l + 21954, 103*s - 109786 = 98*s - 3*l. What is the ten thousands digit of s?
2
Let r(q) = -2*q**3 + 15*q**2 - 18*q - 2. Let i be r(8). Let n = i + 477. What is the units digit of 1/(1071/n - 4)?
9
Let z(v) = 2*v - 25. Let n be z(13). Let a be (2 + n - 5 - -50)*1. Let c = 161 - a. What is the hundreds digit of c?
1
Let x = -494 + 497. What is the tens digit of 10164/21 + x/(-1)?
8
Suppose -2463 = 3*s + 36*d - 35*d, 4*s + 3297 = 3*d. Let n = -105 - s. What is the tens digit of n?
1
Let s(c) = -6*c**2 + 132*c + 4. Let j be s(22). Suppose 0 = 2*t + j*k - 26, 0 = 2*t + 2*t - 2*k - 52. What is the units digit of t?
3
Let i be (-2 + 5)/(5/2 - 1). Suppose 3*m - i*u = 3*u - 59, 2*m - 3*u + 40 = 0. Let v = 0 - m. What is the tens digit of v?
2
What is the thousands digit of 17021 + (4/12)/((-17)/357)?
7
Let b(j) = -595*j - 1373. What is the hundreds digit of b(-62)?
5
Suppose t - 23*a + 22*a = -401, -5*a - 1559 = 4*t. Let j = 1156 + t. What is the units digit of j?
0
Let p(d) = d**3 - d**2 - 1. Let k(x) = 77*x**3 - 6*x**2 - 2. Let h(a) = k(a) - 4*p(a). Let g = -756 - -757. What is the tens digit of h(g)?
7
Suppose 5*o - 77856 = 3*i, 17*i - 15595 = -o + 21*i. What is the units digit of o?
7
Let h = 61 - 47. Suppose 7*s - h*s = -1918. Suppose 2*w + 4*v = 124, 4*w - s = -w - v. What is the units digit of w?
4
Suppose 5*j = 20, -5*j = 4*a - 3 - 25. Suppose -4*h = -3*u - 1256, -3*h + 393 + 549 = a*u. What is the tens digit of h?
1
Suppose 601*h + 661712 = 609*h. What is the thousands digit of h?
2
Let a = 25815 - -7432. What is the thousands digit of a?
3
Suppose -15*u = -74118 - 58227. What is the hundreds digit of u?
8
Let c = 300 - 294. Suppose -c*y - 2*q + 286 = -y, 4*q = 12. What is the tens digit of y?
5
Let g = 167 - 164. Suppose 193 + 187 = k + h, 5*k + g*h = 1898. What is the units digit of k?
9
Let y(o) = 19 - o - 2 + 83*o - 14 + 71*o**2. What is the units digit of y(-4)?
1
What is the hundreds digit of (-6)/(-9) - ((-79688)/42 + 9)?
8
Let q(j) = 954*j - 5372. What is the units digit of q(18)?
0
Let u(i) = -i**2 - 12*i. Let h be u(-12). Suppose h = -7*j + 8*j - 270. What is the hundreds digit of j?
2
Suppose -l - 274 = 3*z, 4*z - 128*l = -127*l - 377. Let k be 50/(-2*(-2)/8). Let f = k + z. What is the units digit of f?
7
Let i(n) = -29*n + 64. Suppose -5*r - 39 = 4*p - 2*p, 2*p = -2*r - 12. What is the units digit of i(r)?
5
Let v(l) = l - 6. Let y be v(11). Suppose -y*i + 25 = -0*i. What is the units digit of i + 0 - 4/2?
3
Suppose 2*u = 3*r + 10100, 26*r = -u + 22*r + 5017. What is the hundreds digit of u?
0
Let k(l) = 39*l + 10. Let h be k(-2). Let c = -71 - h. What is the hundreds digit of ((-5)/((-10)/c))/((-3)/354)?
1
Let h(s) = -21*s - 42. Let g be h(-2). Suppose g = -q - 2, 2*u - u - 3*q = 342. What is the hundreds digit of u?
3
Suppose 7*j = w - 694, -j + 2 - 4 = 0. What is the tens digit of w?
8
Let q(l) = 22*l**2 + 25*l + 229. What is the thousands digit of q(-16)?
5
Let c(a) = 1647*a**2 + 28*a - 44. What is the thousands digit of c(2)?
6
Suppose -5*c + o - 1821 = 0, 6*c - 3*o = 9*c + 1089. Let v = 272 - c. What is the units digit of v?
6
Let m(v) = 0 + 1 + 5*v - 171*v**3 + 20*v**2 - 14*v**2 - 1. What is the hundreds digit of m(-2)?
3
Let v(h) = 2*h**2 - 3. Let u be v(5). Let m be (-10282)/(-291)*((-5)/(-2) - 1). Let i = m - u. What is the units digit of i?
6
Let y be ((-64)/(-6))/(-2 + 956/480). What is the tens digit of y/(-3) + 4 + (-8)/3?
2
Let a be 19*(-4 + 5/1). Suppose 1 = -6*i + a. Suppose 384 = 4*b - 2*d - i*d, -2*d = 3*b - 288. What is the tens digit of b?
9
Suppose -5*i + 17359 + 31547 = 2*m, 2*m = 4*i + 48978. What is the ten thousands digit of m?
2
Let g = -42 + 44. Suppose g*q - 65 = -67. What is the tens digit of -2 + -2 - -80 - q?
7
Suppose -2322 = -15*d + 243. Suppose 7*r - d = 6*r. What is the hundreds digit of r?
1
Let b = 36 + 13. Let s = b - 59. Let q = s - -27. What is the tens digit of q?
1
Let d(y) = -26*y + 4. Let s be d(-3). Suppose 4*v - 409 = -3*z, 4*z - v - 520 = -0*v. Let a = z - s. What is the tens digit of a?
4
Suppose 9*p + 0*p = 18. Suppose -3 = -2*q + 3*y - 11, 0 = -p*q - 4*y - 8. Let w(s) = -s**3 - 3*s**2 - 14*s - 4. What is the tens digit of w(q)?
6
Let z be 3/2*-2 - 834. Let j be 40/15*(-3)/(-4). What is the units digit of j/(-5 - z/167)?
7
Let y be (-10)/(-80) - 2/16. Suppose v - 32*v + 13857 = y. What is the hun